 What is the units digit of g(p)?
7
Let t = 160 + 67. What is the tens digit of t?
2
Let d(z) = z**3 - 12*z**2 - z + 12. Let c be d(12). Suppose f - 2*b = 26, -f + 38 = b - c*b. What is the units digit of f?
4
What is the tens digit of (-11)/(88/(-5352)) + 2/1?
7
Suppose 0 = 3*i - 1032 - 90. What is the hundreds digit of i?
3
Let f = -30 + 115. What is the tens digit of f?
8
Let k(o) = -o - 4. Let c be k(7). Let a = c - -13. Suppose x - a = 4. What is the units digit of x?
6
Let s be (-2)/(-1) + -5 + 8. Suppose s*i = 5 + 15. Suppose i*a = 3*d - 170, -3*a - 286 + 21 = -5*d. What is the units digit of d?
0
Suppose 4*f - 5*p - 92 = 0, 3*p = -3*f + p + 92. What is the units digit of f?
8
Let r = -39 - -13. Let g = r + 123. What is the tens digit of g?
9
Suppose -a = -4*p + 2683, -5*a + 15 = -10. What is the units digit of p?
2
Let u(d) = -7*d**3 - 3*d**2 + 7. Let p be u(3). Let r = p + 380. What is the tens digit of r?
7
Let a(u) = -u**2 + 5*u - 3. Let z be a(2). Suppose -z*l - 2*v = 128, 2*l + 67 + 27 = 3*v. Let c = -20 - l. What is the tens digit of c?
2
Suppose 0 = 4*k + 10 - 5770. What is the thousands digit of k?
1
Suppose 4*a - 925 = -3*f, -28*f - 4*a + 618 = -26*f. What is the tens digit of f?
0
Suppose 0 = -4*f + 5*k + 21, f - 15 = -f + k. Suppose 4*u = f*u + 10. What is the units digit of -1 + (-10 + u)/(-2)?
5
Let b = -208 - -385. What is the tens digit of b?
7
Suppose 6*m = 1585 + 2675. What is the units digit of m?
0
Let z = -24 - -27. Let l(a) = -a**3 - 4 - 3*a**2 + 2 + z*a + 3 + 1. What is the units digit of l(-4)?
6
Suppose 0 = 4*g - g + 606. Let l = -144 - g. What is the units digit of l?
8
Let q = -609 + 1597. What is the tens digit of q?
8
Let r be (-20)/2*(-2)/(-5). Let f = -12 - -21. What is the units digit of f*r/8*-6?
7
Suppose 0 = 4*h, 100*u + h - 10256 = 98*u. What is the hundreds digit of u?
1
Let d = 103 - 100. Suppose 2*y - 303 = -3*i, d*i + 16 = 1. What is the tens digit of y?
5
Let v(d) = -2*d**2 + 2*d + 7. Let q be v(4). Let i = q + 244. What is the units digit of i?
7
Let q(l) = -l**3 - 5*l**2 + 3*l + 41. What is the tens digit of q(-15)?
4
Let o(h) = -112*h + 6. What is the hundreds digit of o(-6)?
6
Let x(h) = 13*h**2 + 15*h - 16. What is the tens digit of x(-9)?
0
Suppose -8*l - 5*l + 8060 = 0. What is the units digit of l?
0
Suppose 2*s = 104 + 2448. What is the units digit of s?
6
Suppose -70*v - 2516 = -87*v. What is the tens digit of v?
4
Suppose -2*v - 46 = -0*v. Let n = v + -26. Let o = -34 - n. What is the units digit of o?
5
Let z(k) = 27*k**3 + 2*k**2 - 1. Let x be z(1). Suppose 0 = f - 1 - 38. Let s = f - x. What is the units digit of s?
1
Let o(r) = -10*r + 8. Let n be o(-12). Let j = -60 + n. What is the units digit of j?
8
Let p = -4685 + 7890. What is the units digit of p?
5
Suppose 0 = 4*x, 204 = 4*y + 4*x - 3*x. Suppose 27 = 6*f - y. Suppose 0 = -11*d + f*d - 126. What is the units digit of d?
3
Let a(v) = -v + 10. Let n be a(7). Suppose -111 = -4*z - n*q, 7*z - 2*q - 156 = 2*z. What is the tens digit of z?
3
Let m = 335 - 619. Let w = 467 + m. What is the tens digit of w?
8
Let t be (1 + 1)/(1/(-2)). Let x(z) = 6*z**3 - 17*z**2 + z - 11. Let u be x(3). What is the tens digit of (u/(t/52))/(-1)?
1
Let b be -2*1/(-4)*4. Suppose -5*v - 775 = 5*a, -a = b*v + 156 + 150. Let d = v - -217. What is the tens digit of d?
6
Suppose -4*h - 5*l = -611, -3 = 3*l - 0. What is the tens digit of h?
5
Suppose 12*t - 3041 + 641 = 0. What is the tens digit of t?
0
Suppose 3*y = 14 - 23, 5*y + 14083 = 4*m. What is the hundreds digit of m?
5
Let p(q) be the third derivative of -q**6/120 + q**5/5 + q**4/8 + 3*q**3/2 + 2*q**2. What is the units digit of p(12)?
5
Let d(w) = -13*w**3 - 4*w**2 - 2*w + 5. Suppose 0 = -3*y - 6 - 3. What is the units digit of d(y)?
6
Suppose 11*h - 2188 = 9*h. Suppose -3239 = -15*y - h. What is the tens digit of y?
4
Let f = -13 - -10. Let q(t) = 18*t**2 - 3*t - 1. Let y be q(f). Suppose -5*m - x = -5*x - y, -3*x = -5*m + 165. What is the units digit of m?
0
Let w(z) = 3*z + 1. Let r be w(1). Let d be (-119)/(-9) + 12/(-54). Suppose -r*t - 11 = -q + d, 63 = 2*q - 3*t. What is the units digit of q?
6
Suppose 18*s - 12*s = 66. Suppose 5*w - s*w = -954. What is the hundreds digit of w?
1
Let s be 12/9 + 4 + 1/(-3). Suppose 0 = -6*j - s*j + 1694. What is the hundreds digit of j?
1
Suppose -3*u = 5*d - 153, 3*u - 5*d - 156 - 27 = 0. Let g = u + -25. Let o = 52 - g. What is the tens digit of o?
2
Suppose -5*q = -20*k + 15*k + 4580, 5*q + 3664 = 4*k. What is the units digit of k?
6
Let a(d) = 3*d**2 + 3*d + 3. Let l be a(4). Let q = 3 - 1. Suppose -3*o + q*v + l = 5*v, -4*v + 21 = o. What is the tens digit of o?
2
Let p = -8 + 16. Let n(f) = -p*f + 2 - 2 + 3. What is the tens digit of n(-4)?
3
Suppose 17*n - 8*n - 18 = 0. Suppose 0 = 3*v - 4*d - 199, n*d = -2*v - 2*d + 106. What is the units digit of v?
1
Let c = 228 + -52. Let b = c + -247. Let j = -43 - b. What is the units digit of j?
8
Let q = -220 + 586. What is the units digit of q?
6
Let n be (1 + 7)*26/8. Suppose 3*d - w + 6 - n = 0, -4*d - 4*w + 32 = 0. Suppose 3*q - d = -1. What is the units digit of q?
2
Let z = -12 - -91. Let u = z - 19. What is the units digit of u?
0
Let t(a) = a**2 + 6*a + 78. What is the units digit of t(0)?
8
Let m = -43 - -44. What is the tens digit of (-6 + (m - 4))/((-9)/66)?
6
Let j be (6 - 6) + 3 + 0. Suppose 0 = -3*m - 2*h + 16, -j*m = -0*h - 3*h - 6. What is the units digit of m?
4
Suppose -49*v - 5202 = -52*v. What is the thousands digit of v?
1
Let r = -6 - -11. Suppose -4*v + 16 = 0, 0*v = -r*l + 3*v + 103. Let s = 26 - l. What is the units digit of s?
3
Suppose -6*n = -3892 + 784. What is the hundreds digit of n?
5
Let y(m) = -2*m - 11. Let l be y(-9). Suppose l*u - 635 = 2*u. What is the units digit of u?
7
Suppose -8*q + 272 = -856. What is the hundreds digit of q?
1
Let k(s) = 2*s + 7. Let d be (-539)/(-21) + 2*(-2)/6. What is the units digit of k(d)?
7
Suppose 0 = -3*d + 3*k + 4831 + 3461, -d - 4*k = -2754. What is the units digit of d?
2
Let x be 3/6 + 35/10. Suppose -x*z = -3*z - 71. Let f = 123 - z. What is the units digit of f?
2
Let l = 4400 - 1116. What is the thousands digit of l?
3
What is the units digit of (-1)/(12/(-9)) + (-9951)/(-12)?
0
Suppose -743 = -17*t + 1824. What is the tens digit of t?
5
Suppose 2*n - 2015 = -4*v + n, -2535 = -5*v + 2*n. What is the tens digit of v?
0
Suppose -25875 = -12*w + 7*w. What is the tens digit of w?
7
Let p(q) = -q**3 - 5*q**2 - q - 2. Let v be p(-5). Suppose -3*h + 207 = -0*h + 3*i, -5*h - v*i + 339 = 0. What is the units digit of h?
6
Let m(o) = -10*o - 4. Let l(q) = 3*q + 1. Let j(r) = 7*l(r) + 2*m(r). Let a be j(2). What is the tens digit of 615/18 + a/(-6)?
3
Suppose -4*n - 2*i - 2*i + 7916 = 0, -2*n + 3*i = -3943. What is the units digit of 1/4 - n/(-32)?
2
Let a(d) = -9 - 18*d - 6 - d**2 + 4*d. Suppose -2*h = 3*r + 20, 3*h - 5*h + 50 = -4*r. What is the units digit of a(r)?
5
Let b(m) = -m**3 + 5*m**2 + 4. Suppose 35 - 10 = 5*g. What is the units digit of b(g)?
4
Let w(v) = 18*v - 8. Let i be (7/(-3))/(-1) + 2/3. What is the tens digit of w(i)?
4
Let n(h) be the third derivative of h**6/120 + h**5/4 - h**4/12 - 2*h**3 + 3*h**2. Let t be 1 - (-7 + (1 - 2))*-2. What is the tens digit of n(t)?
1
Let k = -714 - -752. What is the units digit of k?
8
Let s = -3397 + 5405. What is the tens digit of s?
0
Let g = -34 + 34. Suppose g*v - 432 = -4*v. What is the units digit of v?
8
Let x(t) = 2*t**2 - 5*t - 7. What is the tens digit of x(12)?
2
Suppose -71*s + 63 = -1499. What is the tens digit of s?
2
Let a(b) = 61*b**2 + 1. Let x(m) = -5*m**2 - m. Let y be x(-1). Let g(f) = f**2 + 3*f - 3. Let p be g(y). What is the tens digit of a(p)?
6
Let s be 15/3 + 4 + -6. Suppose -3*t - s = 0, 5*u - 217 = -0*t + 2*t. What is the units digit of u?
3
Let t(h) = 2*h**3 - 4*h**2 - 4*h + 3. Let v(x) = -3*x + 1. Let n(c) = -c + 3. Let m be n(4). Let p be v(m). What is the tens digit of t(p)?
5
Let u be ((-9)/(-15))/((-1)/(-85)). Let n = 21 + u. What is the tens digit of n?
7
Suppose -3*c + 296 = -c. Let n be (-22)/55 + c/(-5). Let p = 46 + n. What is the tens digit of p?
1
Let t(w) = 2*w - 4*w + w + 7. Let d be t(7). Suppose -2*n = -5*r - 39, 4*n + d*r = -r + 45. What 